 = 129*m + 169. Let g(a) = -8*d(a) - 3*x(a). What is g(13)?
6
Let a(t) = -t - 6. Let w = -74 - -68. Let k be a(w). Suppose k = -3*z - 5 - 4. Let u(c) = -3*c**2 - 3*c + 2. Give u(z).
-16
Let i(g) = g**3 + 4*g**2 - 2*g - 2. Suppose -c - 180 = -21*c. Suppose 0 = -5*h - 6*w + 3*w - 22, 4*w = h + c. Calculate i(h).
-17
Let o(f) = 56*f**2 + 19*f + 12. Let p(n) = -32*n**2 - 10*n - 6. Let i(y) = -3*o(y) - 5*p(y). Determine i(-1).
-7
Let d(s) = 3*s**3 + 10*s - 1. Let n(x) = 2*x**3 + 7*x - 1. Let m(v) = -5*d(v) + 7*n(v). Suppose -20*r = -19*r + 2*y + 6, 0 = -4*r - 4*y - 12. Calculate m(r).
-2
Let f(t) be the third derivative of -1/120*t**6 + 2*t**2 + 2*t**3 + 0 + 3/8*t**4 - 14*t - 3/20*t**5. Determine f(-10).
22
Let u = -105 - -114. Suppose -145 = -4*p + u*p. Let d = 28 + p. Let b(x) = -7*x. Calculate b(d).
7
Let o(h) = h**2 + 7*h - 6. Let l be o(-7). Let t(s) = 3*s + 22. Let b(a) = 3*a + 23. Let j(i) = l*b(i) + 7*t(i). Give j(-7).
-5
Suppose -2*i - 2*i - 60 = -3*x, 3*x - 3*i - 57 = 0. Suppose -x = -2*r - 6*r. Let s(h) = -2*h**2 + 1. What is s(r)?
-7
Let i(f) = -f**3 + f**2 + 14. Suppose 4*g + 4*z - 32 = 0, 4*g - z = 8 - 1. Suppose g - 3 = 10*l. Calculate i(l).
14
Let a(z) = -z**3 + z + 1. Let t be -9 + 12 - (4/14 - 240/(-42)). Give a(t).
25
Let c = 81239 + -81239. Let h(i) be the second derivative of i**4/12 - i**3/6 - i**2 + 2*i. Give h(c).
-2
Let l = -84 + 80. Let j = -23 - l. Let v = -26 - j. Let g(s) = s**2 + 8*s + 2. Give g(v).
-5
Let l(v) = 6*v**2 - 7. Let n(x) = -6*x**2 + x + 7. Let s(a) = 3*l(a) + 2*n(a). What is s(3)?
53
Let m be (-1)/((-28)/21)*4. Suppose 3*c - r = 23, -m*c + 30 = c - 2*r. Let x(t) = -t**2 + 11*t - 7. Determine x(c).
17
Suppose 3*i + 3*n = 15, -3*n - n = -4*i + 4. Let w(g) be the first derivative of g**2 + 3*g - 8116. Give w(i).
9
Let p = 120 - 120. Suppose 2*v + p*v - 13 = 5*y, -3*y - 39 = 4*v. Let h = -12 - v. Let t(b) = b**2 + 5*b - 7. Determine t(h).
-1
Let y(h) = h**3 - 7*h**2 + 7*h + 3. Let l = -7456 - -7461. Give y(l).
-12
Let u(v) = -3*v + 74. Let p be u(23). Let o(k) = 12 + 3*k - 14*k + 12*k - p. What is o(8)?
15
Let d(j) = -j**2 - 20213 + 40428 - 20210 - 2*j. Let v(z) = z - 4. Let h(s) = s - 2. Let b be h(2). Let g be v(b). What is d(g)?
-3
Let j(x) = 7*x**2 + 48*x**2 - 32*x**2 - x**3 - 18. Determine j(23).
-18
Let u(q) = 21*q. Let w = 7087 - 7082. What is u(w)?
105
Let r(p) be the first derivative of -p**4/4 + 11*p**3/3 - 3*p**2/2 + 11*p - 9081. What is r(10)?
81
Let s(a) be the first derivative of a**4/4 + 2*a**3/3 + a**2 + 2*a + 1. Let g be 3/7 + 323/(-133). Let h be 4/(-8) - (-5)/g. Calculate s(h).
-13
Let g(p) = -115*p + 3. Let t be g(-3). Let v be (-12)/(-16)*-1 + t/(-48). Let n(r) = r**2 + 7*r - 3. Determine n(v).
5
Let z = -518 + 522. Suppose -2*j - 4 = z*d, 7*d - 3*d - j = -10. Let x(f) = -8*f - 1. Give x(d).
15
Let l(r) = -r**3 - 8*r**2 - 11*r + 11. Let g be 4/((48/(-108))/((-6)/(-9))). What is l(g)?
5
Let m(c) = -c**2 + 18*c - 13. Let i(f) = -22*f - 49. Let p be 172/(-60) + 16/(-120). Let k be i(p). Give m(k).
4
Let k(j) = -4*j**2 - 2*j + 6. Let s be (0/(-14))/(-13) + 3. Calculate k(s).
-36
Let s = -34 - 80. Let x be (-1)/(s/72 - (-8)/6). Let y(k) = -2*k**2 + 6*k. Calculate y(x).
-8
Let y(f) = -f**2 + 6*f - 6. Let k be y(4). Let b(t) = t - 4 - 7*t + 3*t - t + t**k. Suppose 30 = 2*g - 5*i, 0 = -4*g - 2*i - 7 + 19. Calculate b(g).
1
Let b(n) = 55*n - 23*n - 24*n + 0*n**3 - 15*n + 9*n**2 - n**3. Determine b(8).
8
Suppose 0 = -r + 14*x - 16*x + 21, 3*r + 2*x = 55. Let j(h) = h**2 - 14*h - 12. Give j(r).
39
Let k(s) = 7 + 0*s - s - 6 + s**2 + 9. Let a = 37 + -35. Let h be 0*(-1 + a)/(-1). Calculate k(h).
10
Let w(j) = -191*j - 114*j - 384 + 382*j - 155*j. Determine w(-5).
6
Let a(p) = -31*p - p**2 - 23*p + 44*p - 21. Calculate a(-5).
4
Let v(t) = t**3 + 5*t**2 - 33*t - 6. Let q be v(4). Let a(y) = y**3 - 4*y**2 - 17*y + 25. Give a(q).
-5
Let o(m) = -10*m**3 - 22*m**2 + 3*m. Let j(i) = -4*i**3 + i**3 - 7*i**2 + 613*i - 612*i. Let b(l) = -7*j(l) + 2*o(l). What is b(-5)?
5
Let h be (-11 - -28) + (-672)/21. Let n(p) = -p**2 - 13*p + 41. Calculate n(h).
11
Let g be 1*-1*(2 + (-1 - 5)). Suppose 5*f + 4*n = -0*n + g, 5*f - n + 1 = 0. Let p be (-10)/(f - 1) + -4. Let x(b) = -b**2 + 6*b + 8. Calculate x(p).
8
Let r(l) = -l**2 - 2*l + 2. Let m be ((-3)/4)/(-3 - (-2296)/768). Suppose -26*p - m = -50*p. Determine r(p).
-13
Let t(a) = -a**3 - 10*a**2 - 8*a - 9. Let p be 2/6*(-27)/1. Determine t(p).
-18
Let x be 2 + (-5 + 1 - -13). Let g(u) = -3*u**2 + 17*u + 2*u**2 + 10*u - 15*u - 3 - 6. Calculate g(x).
2
Let r be 3/(75/590) + 2/5. Let b(s) be the third derivative of -1/6*s**3 + 0*s - r*s**2 + 1/8*s**4 + 0. Give b(5).
14
Let n(x) be the second derivative of 0 - 8*x - 2/3*x**3 - 9/2*x**2. Let k(v) = 9*v + 19. Let i(q) = 2*k(q) + 5*n(q). Calculate i(-6).
5
Suppose 0 = 5*o - 55. Suppose 3*p - 9 = -q + o, -2*p = 5*q - 22. Let b(y) = 44 + 0*y**3 - 90 - 3*y + 54 + y**3 - 6*y**2. Determine b(p).
-10
Suppose 59 = 90*c - 86*c + 3*p, -53 = -3*c - 4*p. Let g(x) be the third derivative of -5/2*x**3 - 1/60*x**5 + 2*x**2 + 0 + 0*x + 13/24*x**4. What is g(c)?
7
Let a(f) = f**3 + 2*f**2 - 4. Let s be 10/(-50) + (-34)/5. Let t be -2*s/(70/(-15)). Determine a(t).
-13
Let t(m) be the third derivative of 0 + 0*m + 1/6*m**3 - 1/12*m**4 + 30*m**2. Suppose k - 2 = -1. Give t(k).
-1
Let y(k) be the first derivative of 31*k**2/2 + 15*k + 1014. Give y(-1).
-16
Suppose -175 = -6*q + 161. Let l = 58 - q. Let s(k) = -3*k - 1. Give s(l).
-7
Let l(a) = 91082 - 45546 - 45578 + 8*a. Give l(5).
-2
Let c be 6/(-18)*1*-12. Suppose -16*b - c*b - 180 = 0. Let g(o) = -o**3 - 10*o**2 - 9*o - 7. What is g(b)?
-7
Let d = 144 + -145. Let m(a) be the second derivative of -1/6*a**3 + 0*a**2 + 0 - 13/12*a**4 - 6*a. Give m(d).
-12
Let g(o) = 10*o + 186. Let u = 10461 + -10481. Determine g(u).
-14
Let k(h) = h**3 - 3*h**2 - 7*h + 6. Let l(n) = 4*n + 42. Let c be l(-20). Let d = 42 + c. Determine k(d).
-6
Let w(k) = k**2 - 7*k + 2. Let a be (-14 - -17)/((-4)/((-8)/3)). Suppose 5*o = -a*z + 24, 5*o + 0 = -3*z + 31. Calculate w(z).
2
Let r be ((-23)/(-161))/(5/7) + (-4)/(-5). Let o(k) = -8*k**3 - k**2 - 2*k + 3. Give o(r).
-8
Let o(y) be the second derivative of -y**5/20 - y**4 - 9*y**3/2 + 51*y**2/2 - 1611*y. Give o(-7).
-5
Let m(a) = -a**2 + 5*a - 12. Let c(r) = -r**2 + r + 19. Let i be c(5). Let d(j) = -j - 1. Let s(x) = i*m(x) + 4*d(x). Let t = -14 - -20. What is s(t)?
-10
Let y(h) = -35 + 11717*h**2 - 11750*h**2 + h**3 - 34 + 64*h. Determine y(31).
-7
Let l(g) be the second derivative of g**4/24 - 11*g**3/6 - 5*g**2/2 + 12*g - 2. Let x(v) be the first derivative of l(v). What is x(0)?
-11
Let b(f) = 4*f - 4. Let g be 2/6*(9 - 0). Suppose i = -2*n + 6 + g, -5*i = -n + 32. Determine b(n).
24
Let y be (-9)/(-36)*0*(-3)/(-9). Let w(n) = n**2 - 4*n + 48. Give w(y).
48
Let d(y) = -y**2 - 66*y - 115. Let j be d(-64). Let i(v) = -v - 38. Determine i(j).
-51
Let h(q) be the first derivative of 3*q**2/2 + 6*q + 664. Calculate h(6).
24
Suppose -3*r - 7 + 37 = 0. Suppose v + 2*f + 2 = 0, 4*v + v - 3*f = -r. Let m(a) = -a**3 - 3*a**2 + 2. Determine m(v).
-2
Let b(d) = -d**3 + 14*d**2 + 16*d - 5. Suppose 47 + 667 + 1221 = 129*c. Give b(c).
10
Let s(t) = -4*t**2 - t + 36. Let l(y) = -7*y**2 + y + 69. Let u(h) = 3*l(h) - 5*s(h). Determine u(-3).
-6
Let l(w) = 6*w**2. Let m = -566 - -567. Determine l(m).
6
Suppose -3*q + 21 = o + 7, 3*q = -4*o + 11. Let m(r) be the first derivative of -r**4/4 + 5*r**3/3 + r**2 - 5*r - 3793. Give m(q).
5
Suppose -z - 33 = 5*q, 23 + 6 = -5*q - 3*z. Let v(r) = -3*r**3 - 20*r**2 + 9*r + 8. Calculate v(q).
-6
Let g(t) = -6*t - 6*t + 21*t - 4 - 8*t. Let v(x) = x - 1. Let h(n) = -g(n) + 2*v(n). Give h(-4).
-2
Let d(y) = -2*y**2 + 9*y - 2. Let u(r) = 8*r**2 - 62*r + 74. Let t(k) = 3*d(k) + u(k). What is t(15)?
-7
Let k be (-6)/((-4)/(-6)*-1). Let z(v) = v - 2*v**2 + 12 - 19 + k. Calculate z(3).
-13
Let s(m) be the first derivative of 4*m**2 + 4*m - 15394. Let y(d) = -d**3 + 5*d**2 - d. Let w be y(5). Determine s(w).
-36
Let k(m) = -4*m**3 - 3*m**2 - 2*m - 4. Suppose -49*x - 23367 = -23220. Determine k(x).
83
Let p(g) = 2*g**3 + 35*g**2 + 16*g - 11. Suppose -f - 5*k = -13, 2*f + 2*k = 221 - 243. What is p(f)?
6
Let f(s) be the second derivative of s**4/12